
What is the hundreds digit of 599?
5
What is the units digit of 16655?
5
What is the units digit of 1991?
1
What is the units digit of 8691?
1
What is the units digit of 195?
5
What is the thousands digit of 32082?
2
What is the thousands digit of 4647?
4
What is the thousands digit of 19830?
9
What is the hundreds digit of 979?
9
What is the thousands digit of 1505?
1
What is the thousands digit of 6891?
6
What is the hundreds digit of 4756?
7
What is the hundreds digit of 2452?
4
What is the hundreds digit of 26936?
9
What is the hundreds digit of 251?
2
What is the units digit of 4814?
4
What is the tens digit of 5400?
0
What is the units digit of 250?
0
What is the thousands digit of 2287?
2
What is the tens digit of 1943?
4
What is the hundreds digit of 2103?
1
What is the units digit of 21293?
3
What is the thousands digit of 1748?
1
What is the units digit of 902?
2
What is the tens digit of 12706?
0
What is the tens digit of 2268?
6
What is the thousands digit of 9458?
9
What is the ten thousands digit of 12531?
1
What is the hundreds digit of 7742?
7
What is the hundreds digit of 102?
1
What is the hundreds digit of 1353?
3
What is the units digit of 543?
3
What is the hundreds digit of 9329?
3
What is the units digit of 9304?
4
What is the ten thousands digit of 11363?
1
What is the hundreds digit of 3634?
6
What is the hundreds digit of 1072?
0
What is the tens digit of 9439?
3
What is the thousands digit of 79255?
9
What is the hundred thousands digit of 173755?
1
What is the tens digit of 90856?
5
What is the hundreds digit of 6546?
5
What is the tens digit of 122?
2
What is the ten thousands digit of 32536?
3
What is the ten thousands digit of 34177?
3
What is the ten thousands digit of 23419?
2
What is the thousands digit of 57766?
7
What is the units digit of 70783?
3
What is the hundreds digit of 1831?
8
What is the thousands digit of 2782?
2
What is the units digit of 5707?
7
What is the thousands digit of 2440?
2
What is the units digit of 844?
4
What is the tens digit of 1485?
8
What is the units digit of 98569?
9
What is the hundreds digit of 8831?
8
What is the thousands digit of 9584?
9
What is the tens digit of 407?
0
What is the tens digit of 21514?
1
What is the hundreds digit of 5201?
2
What is the thousands digit of 1325?
1
What is the tens digit of 1375?
7
What is the ten thousands digit of 31941?
3
What is the tens digit of 10468?
6
What is the units digit of 562?
2
What is the tens digit of 895?
9
What is the units digit of 16883?
3
What is the tens digit of 950?
5
What is the hundreds digit of 20893?
8
What is the units digit of 48471?
1
What is the hundreds digit of 8131?
1
What is the ten thousands digit of 38181?
3
What is the hundreds digit of 2615?
6
What is the tens digit of 13341?
4
What is the thousands digit of 61958?
1
What is the hundreds digit of 114?
1
What is the units digit of 1506?
6
What is the tens digit of 11494?
9
What is the hundreds digit of 8506?
5
What is the hundreds digit of 4680?
6
What is the units digit of 3787?
7
What is the units digit of 1691?
1
What is the hundreds digit of 66989?
9
What is the units digit of 462?
2
What is the hundreds digit of 9459?
4
What is the thousands digit of 3784?
3
What is the units digit of 65902?
2
What is the hundreds digit of 1229?
2
What is the hundreds digit of 6132?
1
What is the ten thousands digit of 18368?
1
What is the tens digit of 349?
4
What is the units digit of 7062?
2
What is the units digit of 926?
6
What is the ten thousands digit of 97183?
9
What is the units digit of 122?
2
What is the tens digit of 86164?
6
What is the tens digit of 36?
3
What is the units digit of 5210?
0
What is the hundreds digit of 4050?
0
What is the units digit of 4165?
5
What is the tens digit of 4205?
0
What is the thousands digit of 2753?
2
What is the units digit of 61?
1
What is the units digit of 824?
4
What is the ten thousands digit of 19513?
1
What is the units digit of 922?
2
What is the units digit of 7635?
5
What is the hundreds digit of 1193?
1
What is the hundreds digit of 32149?
1
What is the thousands digit of 78556?
8
What is the tens digit of 8825?
2
What is the units digit of 981?
1
What is the units digit of 46515?
5
What is the units digit of 703?
3
What is the tens digit of 9453?
5
What is the thousands digit of 1923?
1
What is the thousands digit of 38391?
8
What is the thousands digit of 14638?
4
What is the units digit of 677?
7
What is the units digit of 4339?
9
What is the ten thousands digit of 38739?
3
What is the units digit of 12299?
9
What is the tens digit of 34313?
1
What is the units digit of 2499?
9
What is the tens digit of 109?
0
What is the units digit of 92?
2
What is the hundreds digit of 23413?
4
What is the hundreds digit of 9787?
7
What is the tens digit of 2664?
6
What is the units digit of 954?
4
What is the units digit of 2619?
9
What is the ten thousands digit of 110022?
1
What is the thousands digit of 2950?
2
What is the hundreds digit of 13549?
5
What is the ten thousands digit of 41656?
4
What is the tens digit of 4879?
7
What is the hundreds digit of 50772?
7
What is the thousands digit of 55949?
5
What is the tens digit of 1984?
8
What is the tens digit of 14113?
1
What is the thousands digit of 2985?
2
What is the tens digit of 2278?
7
What is the thousands digit of 1877?
1
What is the tens digit of 4816?
1
What is the tens digit of 21052?
5
What is the thousands digit of 31191?
1
What is the units digit of 591?
1
What is the units digit of 6082?
2
What is the hundreds digit of 919?
9
What is the tens digit of 63?
6
What is the thousands digit of 25383?
5
What is the tens digit of 485?
8
What is the hundreds digit of 12864?
8
What is the units digit of 1327?
7
What is the units digit of 7517?
7
What is the ten thousands digit of 36113?
3
What is the units digit of 8967?
7
What is the hundreds digit of 2262?
2
What is the thousands digit of 1345?
1
What is the ten thousands digit of 57491?
5
What is the hundreds digit of 2927?
9
What is the hundreds digit of 44676?
6
What is the ten thousands digit of 98724?
9
What is the units digit of 8?
8
What is the units digit of 9812?
2
What is the ten thousands digit of 15806?
1
What is the tens digit of 79845?
4
What is the hundreds digit of 1277?
2
What is the hundreds digit of 10139?
1
What is the ten thousands digit of 13938?
1
What is the thousands digit of 2750?
2
What is the tens digit of 2745?
4
What is the ten thousands digit of 31821?
3
What is the thousands digit of 1193?
1
What is the units digit of 520?
0
What is the units digit of 36618?
8
What is the thousands digit of 22658?
2
What is the hundreds digit of 12559?
5
What is the tens digit of 2856?
5
What is the units digit of 1111?
1
What is the hundreds digit of 5578?
5
What is the tens digit of 396?
9
What is the units digit of 395?
5
What is the hundreds digit of 819?
8
What is the ten thousands digit of 11709?
1
What is the thousands digit of 11081?
1
What is the hundreds digit of 824?
8
What is the hundreds digit of 2119?
1
What is the hundreds digit of 378?
3
What is the units digit of 1232?
2
What is the hundreds digit of 1150?
1
What is the hundreds digit of 42720?
7
What is the units digit of 21157?
7
What is the hundreds digit of 2866?
8
What is the thousands digit of 6041?
6
What is the units digit of 1145?
5
What is the hundreds digit of 2152?
1
What is the hundreds digit of 646?
6
What is the units digit of 11671?
1
What is the units digit of 3699?
9
What is the hundreds digit of 376?
3
What is the thousands digit of 3208?
3
What is the hundreds digit of 2728?
7
What is the thousands digit of 6790?
6
What is the tens digit of 324?
2
What is the units digit of 3580?
0
What is the hundreds digit of 2809?
8
What is the units digit of 53993?
3
What is the thousands digit of 1317?
1
What is the units digit of 89882?
2
What is the hundreds digit of 92418?
4
What is the units digit of 3136?
6
What is the hundreds digit of 7166?
1
What is the hundreds digit of 15000?
0
What is the hundreds digit of 775?
7
What is the hundreds digit of 5260?
2
What is the units digit of 2678?
8
What is the hundreds digit of 3176?
1
What is the hundreds digit of 6507?
5
What is the tens digit of 29127?
2
What